= o + -24. Let k = -8 - -16. What is the remainder when x is divided by k?
7
Suppose -16 = -0*b - 4*b. Suppose 2*d + 5*w + b = 0, 29 = 5*d - 3*w - 23. What is the remainder when 21 is divided by d?
5
Let l(v) = -12*v**3 - v**2 - v - 1. Calculate the remainder when (-1)/(((-4)/248)/(1/2)) is divided by l(-1).
9
Let q = -45 + 47. What is the remainder when q is divided by 1?
0
Suppose o + q = 12 + 6, -5*q = 2*o - 48. What is the remainder when o is divided by 8?
6
Let o = 23 + -19. Suppose 4*s + 4*p - 20 = 0, s - 4*p + 10 = o*s. What is the remainder when 19 is divided by s?
9
Let a = 29 - 1. What is the remainder when a is divided by 6?
4
Suppose 5 + 3 = 2*d. Suppose -2*o = -6*o + 2*g - d, 2*g = 4. Suppose o = -b - a + 6*a + 16, -a + 64 = 4*b. What is the remainder when b is divided by 9?
7
Let d(v) = v**3 + 4*v**2 - 7*v - 1. Let a be 7/(2 + -3) - -2. Calculate the remainder when 35 is divided by d(a).
8
Suppose -5*x + 2*y + 297 = 0, -x - x = -4*y - 106. Let f = -31 + x. Suppose -f - 70 = -5*d. What is the remainder when d is divided by 11?
9
Suppose 5*u - 3*o + 443 = 0, -3*u - u - 357 = -5*o. What is the remainder when 14 is divided by 2/3 - u/12?
6
Let a(k) = 19*k**2 + 2*k + 1. Let n be a(-1). What is the remainder when 27 is divided by -6 + 3 + n + 0?
12
Let m = -12 + 25. Let s(l) = 2*l + 22. What is the remainder when m is divided by s(-9)?
1
Let l(j) = j**3 - 2*j**2 + 3*j - 2. Suppose -2*p - 1 = -5. Let h = 3 + p. What is the remainder when h is divided by l(2)?
1
Let b(x) = -18*x - 11*x + 22*x. What is the remainder when b(-10) is divided by 24?
22
Suppose -4*g + 0*g = -124. Calculate the remainder when g is divided by 8.
7
Let h(m) = -m**2 - 9*m + 8. Let w be ((-3)/6)/((-1)/(-16)). What is the remainder when 30 is divided by h(w)?
14
Suppose -3*y = -p - 27 - 189, -y - 4*p = -72. Suppose -w - 3*w = y. Let a = -12 - w. What is the remainder when a is divided by 4?
2
Suppose -4*m = 3*b - 19, -1 = -5*m - b + 31. What is the remainder when m is divided by 4?
3
Suppose 0 = -2*x - 3*x - 140. Let c = x + 44. What is the remainder when 30 is divided by c?
14
Let o(h) = -h**3 + 3*h**2 + 4*h - 1. Suppose 3*i + 2*y = 3*y + 128, -2*i - 4*y = -76. Calculate the remainder when i is divided by o(3).
9
Suppose 5*c - 65 = -4*l, -c = 4*l - 9 - 4. What is the remainder when 76 is divided by c?
11
Suppose 2*u + 3*u = -40. Suppose -h - 6 = -3*h. Let x = h - u. What is the remainder when 20 is divided by x?
9
Let f = 0 + -2. Let h = 21 + -7. What is the remainder when (-6)/(-4)*28 + f is divided by h?
12
Let h be (-111)/(-2) - 4/(-8). Suppose 2*k - 33 = -v, 2*k - h - 46 = -4*v. Calculate the remainder when v is divided by 3/(3*3/36).
11
Suppose -10 - 4 = -2*q. What is the remainder when 13 is divided by q?
6
Let c(p) = p**3 - p**2 + 40. What is the remainder when c(0) is divided by (54/12)/(6/28)?
19
Calculate the remainder when 20 is divided by (-44)/(-7) - (-12)/(-42).
2
Suppose -l - 2417 = s, 321 - 5145 = 2*s - 3*l. Let h be (-1)/(-2) - s/14. Calculate the remainder when h/4 + (-5)/20 is divided by 22.
21
Suppose 0 = -107*y + 112*y - 170. What is the remainder when y is divided by 3?
1
Let p be (42/8)/((-12)/(-32)). Let r = p - 8. Let y(a) = 17*a**3. What is the remainder when y(1) is divided by r?
5
Let w(c) = 5*c + 2. Let u be w(5). Let g = -19 + u. Let d = 35 - g. Calculate the remainder when d is divided by 10.
7
Let y = 12 + 2. What is the remainder when y is divided by 5?
4
Calculate the remainder when 40 is divided by (-27)/(-2) - 3/(-2).
10
Let a = 4 + -3. Suppose -l - a = -3. Calculate the remainder when 2 is divided by l.
0
Suppose 18 = 5*v - 2*v. Suppose 5*z + 2*q - v = z, 2*q - 4 = -3*z. Suppose 0 = 3*x - 7*x + 16. What is the remainder when x is divided by z?
0
Calculate the remainder when 73 is divided by 20/(-25)*285/(-6)*1.
35
Suppose n - 407 = -4*c, n = 4*n + 3*c - 1221. Calculate the remainder when n is divided by 12.
11
Let r(c) be the third derivative of c**4/12 - c**3/3 + 3*c**2. Let p be r(6). Suppose 0 = 4*t + t - p. What is the remainder when 4 is divided by t?
0
Suppose 2*i = w + 6*i - 22, i = 4. Let d = 9 + -7. Calculate the remainder when (5 + 2)*6/d is divided by w.
3
Let a = -4 - -8. Suppose 59 = a*y + 3. Calculate the remainder when (3/2)/((-9)/(-156)) is divided by y.
12
Suppose -3*k = -9 - 6. Let x = k - -3. Let i(v) = -4*v - 6. Calculate the remainder when i(-7) is divided by x.
6
Let d(g) = -g**2 + 7*g. Let z be d(8). Let i = 8 - z. Calculate the remainder when i is divided by 6.
4
Let l(x) = -x**2 + 15*x. Calculate the remainder when l(9) is divided by 14.
12
Let r(h) = 11*h. Suppose 0 = -3*p + 18 + 21. Suppose p = 4*v - 35. What is the remainder when r(2) is divided by v?
10
Let c = 31 + -20. Let o be 56/12*(2 + 1). Calculate the remainder when 298/o + (-2)/7 is divided by c.
10
Let i(b) = -23*b**3 - 3*b**2 + 5*b + 3. Calculate the remainder when i(-2) is divided by 21.
18
Suppose -11 = 2*w - 1. Suppose 0 = 2*m + 4 - 14. Calculate the remainder when (-2 + w)*2/(-1) is divided by m.
4
Let l be 3*(6/(-3))/6. Let u = 3 - l. What is the remainder when 7 is divided by u?
3
Suppose -p - p + 16 = k, 3*k + 4*p - 56 = 0. Calculate the remainder when k is divided by 7.
3
Suppose -4*z - 2*z + 168 = 0. Calculate the remainder when z is divided by 8.
4
Suppose -5*n - 9 - 156 = 0. What is the remainder when 2/5 + 196/10 is divided by (-1 - -2)/((-3)/n)?
9
Let j = 95 - 81. Suppose -2*h = -4*h + 3*t + 65, 0 = -4*h - 5*t + 75. Calculate the remainder when h is divided by j.
11
Suppose -2*u + u = -23. Suppose 0 = -y - r - 14, -u = y + 5*r + 7. What is the remainder when y/(-2) - (-3)/(-3) is divided by 2?
0
Suppose 2*v + 30 + 40 = 5*q, -4*q = -4*v - 44. Calculate the remainder when 95 is divided by q.
15
Let m = 28 + -1. Calculate the remainder when 103 is divided by m.
22
Let c = 0 - -4. What is the remainder when 9 is divided by c?
1
Let u = 91 + -60. Let w(y) = -y**2 + 7*y - 1. Let t be w(6). Suppose 0 = 4*n - 16 + 4, 4*n - 92 = -t*g. Calculate the remainder when u is divided by g.
15
Suppose 3 = 2*w + 1. Let d(n) = -195*n**2 + n. Let t be d(w). What is the remainder when (-8)/20 + t/(-10) is divided by 10?
9
Let h = -1 + 1. Let w(n) = n**2 - 4*n + 1. Calculate the remainder when w(5) is divided by (h + -8)*5/(-10).
2
Let x(h) = -2*h**2 - 31*h - 15. Calculate the remainder when 104 is divided by x(-14).
23
Suppose -3*g + 66 = -0*g. Let p be 3/(2*(-1)/(-2)). Suppose z = p*y - z - 32, -3*y + 46 = 5*z. What is the remainder when g is divided by y?
10
Let h = -78 + 129. Let m = -30 + h. What is the remainder when -1 + 3 + 58 + 2 is divided by m?
20
Suppose -5*p + 2*b + 327 = 0, -4*p - 5*b = -358 + 70. Calculate the remainder when p is divided by 10.
7
Suppose 0 = -7*s + 3*s + 60. Suppose 2*j - 3*j + 159 = 0. Let w = j + -102. Calculate the remainder when w is divided by s.
12
Let a(i) = i**3 + 6*i**2 + 4. What is the remainder when a(-5) is divided by 10?
9
Let s be (340/(-30))/((-2)/(-108)). What is the remainder when 26 is divided by 4/10 + s/(-45)?
12
Let i(f) = f**2 + f + 2. Let h be i(0). Suppose -h*q + 2 = -8. Suppose 4*d = 4*l + 8*d, 0 = -d - q. Calculate the remainder when 9 is divided by l.
4
Let a = -16 - -20. What is the remainder when 31 is divided by a?
3
Suppose -w = -z + 3, 23 = 5*z + 5*w - 2. What is the remainder when 11 is divided by z?
3
Let x(k) = -k**3 - k**2 + k + 13. Let c = 13 - 13. What is the remainder when 49 is divided by x(c)?
10
Let h = 148 + -81. Calculate the remainder when h is divided by 17.
16
Let m be 1576/36 - (-2)/9. Suppose o - m = -o. What is the remainder when o is divided by 8?
6
Let c(b) be the first derivative of -b**3/3 + b**2/2 + 2*b + 1. Let t be c(0). Calculate the remainder when (t/(-3))/(1/(-39)) is divided by 14.
12
Let c(u) = u**3 + 9*u**2 + 6*u - 11. Calculate the remainder when 14 is divided by c(-8).
4
Let u(w) = w**2 - 5*w - 37. What is the remainder when u(11) is divided by 17?
12
Suppose -3*w = -2*r - w + 42, 0 = 5*w + 25. What is the remainder when 45 is divided by r?
13
Suppose 3*j + 2*g = -5, 0*j + 3*j - 3*g = 15. Let m(y) = 1 - 10*y - 3 + 2 - j. Calculate the remainder when m(-2) is divided by 11.
8
Let v = -3 + 5. Suppose -94 = -v*s + 18. Suppose -5*h - 3*m + 92 = 0, 5*m - 